 -1. Give n(y).
-8
Let z(n) = n**3. Let o(l) = l**3 - 6*l**2 - 5*l - 12. Let w be o(7). Give z(w).
8
Let y(o) = o - 2. Let a be y(4). Let p(d) = -22*d**3 - a*d**2 + d - 3 + 2*d**2 + 23*d**3. Give p(0).
-3
Let m(s) = 314*s + 3. Let a be m(1). Let z be a/(-3) + 4/6. Let h be (-9)/(-12) - z/(-28). Let j(y) = y - 3. What is j(h)?
-6
Let v be 0 - (7 + 0) - -4. Let p be (-10)/(-4) - v/6. Suppose p*k + 12 = -9. Let b(q) = -q**2 - 7*q - 6. Give b(k).
-6
Let w(z) = z**3 + 14*z**2 + 4*z - 4. Let b(j) = -2*j**2 - j + 1. Let f(y) = -5*b(y) - w(y). Determine f(-4).
-5
Let d = 65 - 57. Suppose -5 - 35 = d*u. Let q(v) = v - 1. What is q(u)?
-6
Let n(m) = m**2 - m + 2. Suppose -31*c = -26 - 5. Calculate n(c).
2
Let g(q) = -q**3 + 5*q**2 - 2*q - 2. Let r(a) = -a**3 + 10*a**2 + 12*a - 9. Let z be r(11). Suppose 4*s = 4 + 4, -z*t + 2*s + 4 = 0. Determine g(t).
6
Suppose 0*v - 2*v + 5 = 5*p, 4*v - 2*p - 46 = 0. Let z(b) = 117*b + v - 236*b + 120*b. Determine z(-9).
1
Let o(w) be the third derivative of w**5/60 + 2*w**4/3 - w**3 - 3*w**2 - 55*w. Give o(-16).
-6
Let a(i) = -i - 2*i - 2 + 5*i. Let v be (5 + -41)*(-1)/3. Let y be (-2 - 1)/v*-12. Calculate a(y).
4
Let g = 415 + -421. Let w(d) be the third derivative of -d**5/60 - d**4/6 + 5*d**3/6 - 2*d**2. Determine w(g).
-7
Let y(q) = -3*q + 5. Let x(b) = -8*b + 14. Let n(w) = -4*x(w) + 11*y(w). Let s(j) = -j**2 + 9*j + 12. Let a(r) = 4*n(r) + s(r). Determine a(6).
2
Let m = -14 - -10. Let a(r) = r**3 + 2*r**2 - 9*r - 4. Let c be a(m). Let q(d) = 2*d + 4 - 11 + c. Give q(7).
7
Let m(w) be the second derivative of w**5/20 + w**4/2 + 4*w**3/3 + 7*w**2/2 + w. Let z = 477 - 482. Calculate m(z).
-8
Let m be 6/51 + (-234)/(-34). Let a(p) = -2*p - 1 + 2 - 5*p**2 - m*p**2 + 10*p**2 - p**3. Give a(-2).
5
Let c(j) be the third derivative of 19*j**2 - 1/12*j**4 + 1/60*j**5 + 0*j + 1/2*j**3 + 0. Suppose 5*l - 18 = -3*a, 2 = -l + 3*a + 2*a. Calculate c(l).
6
Let h(g) = 26*g**2 + 2*g + 1. Suppose 5*x = 4*w - 5, 0 + 4 = -4*x + 5*w. Calculate h(x).
25
Suppose -3*x = -5*x. Suppose x = 3*w - 2*w - 5. Let f(l) = -5*l - 3*l**2 - 3*l**2 - 1 + 3*l**3 - 2*l**3 + 2*l**2. Determine f(w).
-1
Let a(p) = p**3 - 11*p**2 + 20*p - 13. Let u be a(9). Let s(c) be the third derivative of 0 + 0*c - 1/24*c**4 - 2/3*c**3 + u*c**2. What is s(-3)?
-1
Suppose 9 = -4*q - 3, -3*k + 4*q + 18 = 0. Let b(c) = 11*c - 1 + 14*c - 27*c - c**k. Let m(w) = -w**3 - 4*w**2 - w + 2. Let l be m(-3). Calculate b(l).
-9
Let p = 142 - 139. Let k(q) = -4*q + 2. Determine k(p).
-10
Let t = 11 - 10. Let j(m) be the third derivative of -5*m**2 - 1/60*m**5 + 1/12*m**4 + 0 - 1/6*m**3 + 0*m. What is j(t)?
0
Let w(q) = 0 + 3 - 3*q**2 + 5*q**3 - 3*q + 11*q**3 - 15*q**3. Calculate w(3).
-6
Let l(b) = -b**2 + 5*b + 3. Suppose -4*z = -8*z. Let r be -5*((-6)/(-5) - z). Let c be 8 - (2 + r + 7). Determine l(c).
3
Suppose 0 = -12*p + 7*p - 10. Let t be p/(-3) + 2/(-3). Suppose t = 4*y + 16, l + 0*y = -3*y - 11. Let w(k) = 3*k**3 - 2*k**2 + 1. Calculate w(l).
2
Let c = 255 - 255. Let p(s) = 2*s**2 - s + 1. Determine p(c).
1
Let n(u) be the third derivative of -u**4/12 - 5*u**3/2 - 7*u**2. Let o be n(-7). Let i(s) = 18*s**2 + s. Determine i(o).
17
Suppose -u = 26*u + 162. Let y(s) = -s + 8. Calculate y(u).
14
Let r(v) = v**2 - 10*v + 9. Let c(n) = -n**2 + 11*n - 10. Let k(y) = -2*c(y) - 3*r(y). Calculate k(6).
5
Suppose n - 7 = -2*b + 2, -12 = -3*n - 3*b. Let g be 1/(0 - n/(-2)). Let i(k) = -2667 + 0*k**2 - 2668 + 5337 + k**2. Calculate i(g).
6
Let t be (4 - 4)/(-4) - -1. Let i be 56/(-16) - t/(-2). Let d(n) = n**3 - 5*n**2 + n - 2. Let k(x) = -x**3 + x**2 + 1. Let m(s) = -d(s) - 2*k(s). What is m(i)?
3
Let o be 64/(-120) - (-3)/5. Let x(z) be the third derivative of -1/120*z**6 + 0*z + 0*z**3 + 0 - o*z**5 - 1/24*z**4 - 4*z**2. Determine x(-3).
-6
Let r be (30/25)/(4/10). Let f(n) = -n**2 + r + 2*n - 5*n - 2*n. Let a = 21 - 26. Calculate f(a).
3
Let r be (-162)/(-486) + ((-1)/3 - 1). Let t(u) = -15*u**2 - u - 1. Determine t(r).
-15
Suppose 3*a + 6 = 15. Suppose -h = -a*h + 10. Let d(m) = m**3 - 5*m**2 - 5. Calculate d(h).
-5
Let o(y) be the first derivative of y**2/2 - 2*y - 61. Let f be 40/(-16)*(-24)/10. What is o(f)?
4
Let t(x) = x + 1. Let v(r) = -8*r - 25. Let y(m) = 5*t(m) + v(m). Calculate y(-7).
1
Let x(l) = -3 + 0*l**2 - 6*l - l**2 + 3*l + 11*l. Let q(h) = -h**3 + 5*h**2 - 7*h + 10. Let t be q(3). Give x(t).
4
Let d = 436 - 427. Let n(i) = i**2 - 10*i - 13. Calculate n(d).
-22
Let u(t) = 4*t**3 + t**2 + 1. Suppose -8*f = 13*f + 42. What is u(f)?
-27
Let w(n) = 0*n + 2*n**2 - 2*n + 16 - 13. Let m be (-35)/(-11) + 4/(-22). Suppose 4*o - m - 5 = 0. What is w(o)?
7
Suppose 3*p = 3*o - 12, -5*p - 3*o - 4 = -4*o. Let n(c) = -2*c + p*c**2 + 3*c - c**2 + 3 - 1. Suppose -6 + 2 = -2*g. Give n(g).
0
Let t(v) be the second derivative of v**3/6 + v**2/2 + 2*v. Suppose a - 168 = 5*a. Let b be (-28)/a - 2/3. Calculate t(b).
1
Let l(j) be the first derivative of -j**3/3 - 3*j**2 + j + 3503. Suppose 10 = -5*d - 5*p, 3*d + d - 2*p + 26 = 0. Calculate l(d).
6
Let b(z) = z**3 - 7*z**2 + 2*z - 7. Let m(q) = -4*q + 71. Let x be m(16). Calculate b(x).
7
Suppose 4 = -2*b - 4*l - 2, 4*b = 4*l - 36. Let n(h) = -h - 10. Give n(b).
-3
Let f(d) = d - 8. Suppose -5*s + 14 = 4. Let g(p) = 5*p + 5*p - 8*p - 4. Let x be g(s). What is f(x)?
-8
Let i(o) = -o**2 + 4*o + 4. Let k be (3*(-1)/6)/(4/(-32)). Suppose -4*r + 4 = 0, -5*v = -0*v - k*r - 21. Give i(v).
-1
Let g(u) = -u**2 + 23*u + 32. Let b be g(24). Let f(q) = -q**3 + 9*q**2 - 10*q + 11. Give f(b).
-5
Let s be 2/(-16) - 495/(-120). Let f(g) = g**3 - 5*g**2 + 7*g - 4. What is f(s)?
8
Suppose -60 = 7*k - 12*k. Suppose -9*t = -k*t - 18. Let j(l) = l**2 + 4*l - 6. Determine j(t).
6
Let z(i) = -11*i + 587 + 0*i**2 - 10*i**2 - 592 - i**3. Give z(-9).
13
Let v be 4/(32/45) + (-45)/(-120). Let d(f) = -f**3 + 37*f + v + 3*f**2 - 20*f - 12*f. Calculate d(5).
-19
Suppose -5*g - 1 = 4*w, 12*g - 6 = 15*g - 3*w. Let t(h) = -h**2 + h. What is t(g)?
-2
Let b(a) = -a**2 + a + 1. Let q(y) = -y**3 - 9*y**2 - 6*y - 2. Let o(i) = 2*b(i) - q(i). Determine o(-5).
14
Let t(j) be the first derivative of j**3/3 - 5*j - 3407. Let n = 1 + -1. Give t(n).
-5
Let j(y) = 3*y**3 + y**2 - y. Let l(p) = 10*p**3 - 2*p**2 - 10*p + 6. Let k(a) = -3*j(a) + l(a). Suppose 3*m - 6*m + 18 = 0. Give k(m).
0
Let f(a) = -4*a - 11. Let r(w) = -3*w - 10. Let y(n) = -6*f(n) + 7*r(n). Calculate y(-5).
-19
Suppose -16 = -3*g - l, -1 = -3*g - 2*l + 19. Let y(q) be the first derivative of q**4/4 - 5*q**3/3 + 4*q + 102. Calculate y(g).
-12
Let a(b) = -b**3 - 8*b**2 - 8*b + 6. Let u be a(-6). Let k = u + 20. Let s(h) = -7 + 2*h - h**2 + k*h - 12*h. Determine s(-5).
8
Let o be ((-51)/18 - 1) + 5. Let w(f) be the third derivative of 0*f - o*f**3 + 0 + 1/15*f**5 + 1/4*f**4 + f**2 - 1/120*f**6. Give w(5).
-2
Let p(v) = 3*v**2 + 85*v + 26. Let i be p(-28). Let l(f) = 12*f. Determine l(i).
-24
Let b(f) = 4*f**2 - f + 3. Suppose 29*u = 30*u + 3*n - 15, -3*n = 4*u - 24. Give b(u).
36
Let q = 198 - 209. Let u(k) = k**3 + 11*k**2 - k - 6. What is u(q)?
5
Let d = -41 - -39. Suppose -2*i - i = -9. Let t be 6 + d - (-5 + i). Let r(l) = -l**2 + 6*l - 3. What is r(t)?
-3
Suppose k + 8*k - 45 = 0. Let i(o) = -o**2 + 8*o - 12. Give i(k).
3
Suppose 74 = -12*c - 10. Let t(b) = 4*b + 8. Determine t(c).
-20
Let h(c) = 4*c + 4. Let z(y) = 38*y**2 + 228*y - 2. Let b be z(-6). What is h(b)?
-4
Let q = 206 + -201. Let g(z) be the third derivative of 1/24*z**4 + 0*z + 0 + 1/2*z**3 - 1/120*z**6 - 3*z**2 - 1/60*z**q. Give g(0).
3
Let s(z) = z**2 + z - 12. Let r be ((-2)/(-3) + 9/27)*0. Suppose 0 = 2*d + 6, 0*d + 26 = -5*t - 2*d. Let v be (t/16*r)/1. What is s(v)?
-12
Let x(k) = k + 9. Let w be x(-5). Let l(i) = -6 - 2*i - w + 18. What is l(8)?
-8
Let m(i) be the second derivative of -i**5/20 - i**4/12 + i**3/6 - i**2 - 4*i + 3. What is m(-2)?
0
Suppose 4*f - 2*b - 13 = f, 6*f + 4*b = 10. Let q(n) be the second derivative of n**5/20 - n**4/3 + n**3/6 + n**2 - n. Determine q(f).
-4
Let z(s) = 3*s + 15. Let d(h) = 3*h**2 - 113*h - 45. Let o be d(38). What is z(o)?
-6
Let p = -21 + 27. Let r(q) = -2*q**3 + p*q**3 + 3 - 5*q**3 + 3*q - 5*q**2. What is r(-5)?
-12
Let o(r) = r + 7. Suppose 0 = 58*s - 54*s + 8. Give o(s).
5
Let v be ((-126)/(-